+ -53c2?
-531a
In base 10, what is -26 + 1296128?
1296102
In base 7, what is 120654641 - 50?
120654561
In base 9, what is -46605183 - 1?
-46605184
In base 10, what is -320052 - 20?
-320072
In base 8, what is -4 - 17433462?
-17433466
In base 11, what is 37618 - 817?
36901
In base 13, what is -4 + 1503191?
150318a
In base 3, what is 122000220012202 - 0?
122000220012202
In base 7, what is 1556 + 122150?
124036
In base 10, what is -12221117 - -2?
-12221115
In base 7, what is -2144000 - -2?
-2143665
In base 3, what is 120212 + -201011002?
-200120020
In base 13, what is -395 + 99?
-2c9
In base 14, what is 3 + c42640?
c42643
In base 2, what is -111000000111111110 + 1001010000?
-110111111110101110
In base 11, what is 0 - -1803374?
1803374
In base 3, what is -10021120201112020 + 11?
-10021120201112002
In base 9, what is -5550778 + 62?
-5550716
In base 5, what is 3 + -33240131422?
-33240131414
In base 7, what is 1112644230 + -11?
1112644216
In base 10, what is 18282093 + -3?
18282090
In base 7, what is -20162203 + 355?
-20161515
In base 10, what is -528 - -266401?
265873
In base 2, what is -1000110101011010011010011000 - 0?
-1000110101011010011010011000
In base 11, what is -3 + -10891450?
-10891453
In base 3, what is 10220 - 112111010001?
-112110222011
In base 7, what is 12406245 + -11?
12406234
In base 4, what is 20 + 11212020310?
11212020330
In base 3, what is -12 - 22022100021102?
-22022100021121
In base 12, what is 42b364a - 29?
42b3621
In base 6, what is -1 - -11423200134?
11423200133
In base 12, what is -8 + 1a34235?
1a34229
In base 11, what is 4 + 4136aa03?
4136aa07
In base 10, what is 4 + 2245568?
2245572
In base 14, what is 950 + -1324?
-7b4
In base 10, what is 14 + -14419718?
-14419704
In base 11, what is 16a0a456 + -5?
16a0a451
In base 7, what is 160 - 10056?
-6566
In base 14, what is -182461 - 3?
-182464
In base 8, what is 6553 + 304054?
312627
In base 8, what is 1303441617 - -3?
1303441622
In base 5, what is 1112011230222 + -1?
1112011230221
In base 8, what is -4211362 + -44?
-4211426
In base 8, what is -46646 + -1534?
-50402
In base 8, what is 20147 - 13516?
4431
In base 12, what is 5 + -aa614?
-aa60b
In base 14, what is 5a785c1 + 4?
5a785c5
In base 8, what is -652414020 - 1?
-652414021
In base 7, what is 0 - 1001266641?
-1001266641
In base 9, what is -430386 + 17?
-430368
In base 6, what is 350111454 - 435?
350111015
In base 16, what is 8afc54f - -5?
8afc554
In base 16, what is 10e4c - -3444?
14290
In base 12, what is -3 + 1b28371b?
1b283718
In base 7, what is 32542 - 51252?
-15410
In base 15, what is aa179 - -3?
aa17c
In base 9, what is 887 - 140604?
-138606
In base 13, what is 91a92 + 32a?
920bc
In base 10, what is -5 - -9245027?
9245022
In base 16, what is -2 + 2c13?
2c11
In base 8, what is 4052207 - 51?
4052136
In base 10, what is -730 + -1682382?
-1683112
In base 6, what is -3524 - -101353?
53425
In base 9, what is -3642676 + -17?
-3642704
In base 12, what is 4 + 26a479?
26a481
In base 6, what is -1335 + 142304?
140525
In base 4, what is -20032220 + -21030?
-20113310
In base 13, what is 0 + -2735c06?
-2735c06
In base 15, what is 38 + -3ca2?
-3c69
In base 9, what is -584854 - -12?
-584842
In base 15, what is -157 - -1cb5?
1b5d
In base 4, what is -13210303 - -2231211?
-10313032
In base 15, what is 175ae8 - -245?
175d3d
In base 2, what is 101011110010 + 10000010000010?
10101101110100
In base 2, what is 101100011010 - -1000111001111000?
1001100110010010
In base 3, what is -1101221 - -100102022012?
100100220021
In base 3, what is -1 - 11212001021220?
-11212001021221
In base 6, what is -1 + -12204245?
-12204250
In base 11, what is -158838 + -643?
-159380
In base 15, what is 4457a - 10?
4456a
In base 12, what is -38 + 76aa6?
76a6a
In base 7, what is 31513 - 43366?
-11553
In base 13, what is -6 + 2b250b?
2b2505
In base 16, what is 5 + 4b796f6?
4b796fb
In base 6, what is 120345 + -101220?
15125
In base 3, what is 2 + -221121212002210?
-221121212002201
In base 4, what is 3210000 - 22110?
3121230
In base 16, what is -78e3 + -2998?
-a27b
In base 10, what is -13079095 - 40?
-13079135
In base 9, what is -178845 + -5217?
-185163
In base 3, what is 10202022102022210002 + 10?
10202022102022210012
In base 14, what is a - 45039?
-4502d
In base 11, what is -20 + 15a83?
15a63
In base 4, what is -3121112001 + 11?
-3121111330
In base 15, what is cbe727a - -4?
cbe727e
In base 10, what is 13890241 - 40?
13890201
In base 6, what is 25131323035 + -4?
25131323031
In base 4, what is -222 + -2000130312?
-2000131200
In base 7, what is -536016 - -136?
-535550
In base 10, what is -1752394 - -10?
-1752384
In base 3, what is -2021110011000 + -221?
-2021110011221
In base 12, what is -1b + -68578?
-68597
In base 6, what is -2 + -1124444231?
-1124444233
In base 12, what is 2291a + 92?
229b0
In base 15, what is -28 - 25398?
-253c1
In base 3, what is -12 - -2211101111110101?
2211101111110012
In base 12, what is -5 - -52b1245?
52b1240
In base 14, what is 2642857b + -5?
26428576
In base 9, what is -241 + 71804?
71553
In base 6, what is 145551544 - -330?
145552314
In base 15, what is -e7e + -cb?
-105a
In base 5, what is 1012431101 + -21?
1012431030
In base 10, what is 16 + -3521149?
-3521133
In base 13, what is 6a3 - -b6844?
b7217
In base 4, what is -103203020130 + -10?
-103203020200
In base 3, what is -1000020021002210 - -10?
-1000020021002200
In base 7, what is -1010340462 - -1?
-1010340461
In base 6, what is -2045 + -225210?
-231255
In base 4, what is -1102003313 - -3?
-1102003310
In base 8, what is 56 + 10366013?
10366071
In base 8, what is -3 - -101046636?
101046633
In base 16, what is -2e + 6060?
6032
In base 16, what is -8c - 111e9?
-11275
In base 4, what is 3 + 313221321102?
313221321111
In base 4, what is -20100330 + 10010323?
-10030001
In base 2, what is -1111 + -110101100000100100?
-110101100000110011
In base 2, what is 111100001101 + 11010101110?
1010110111011
In base 16, what is 10e + b82b?
b939
In base 13, what is -6 + -168a4671?
-168a4677
In base 16, what is -1 - -1937fe6?
1937fe5
In base 14, what is -5 + -1157da64?
-1157da69
In base 10, what is 158111 - -7?
158118
In base 8, what is 5416076 + -2?
5416074
In base 11, what is 3 - 8243454?
-8243451
In base 7, what is -133 - 41546155?
-41546321
In base 14, what is 188c09 - 33?
188bb6
In base 10, what is -7600 + 17213?
9613
In base 9, what is -4 - 124310025?
-124310030
In base 15, what is 2071 + 57e?
2600
In base 14, what is 14a - -2347?
2493
In base 14, what is 117 - -170d8a?
1710a3
In base 15, what is -4 + -690d9dc?
-690d9e1
In base 16, what is -7187b + -4?
-7187f
In base 2, what is 1011 + -111010110110111011110?
-111010110110111010011
In base 5, what is 1241 - 120204?
-113413
In base 8, what is 55 + 161322?
161377
In base 12, what is -3743 + -407?
-3b4a
In base 10, what is 2 - -1747715?
1747717
In base 2, what is 10000000011101101 - 1101001?
10000000010000100
In base 13, what is 838cba - 1a?
838ca0
In base 3, what is 21210120020222 - 12?
21210120020210
In base 8, what is 2 - -53301370?
53301372
In base 9, what is 1 + -4723380?
-4723378
In base 13, what is 382101 - 17?
3820b7
In base 16, what is ce7ed - -6d?
ce85a
In base 16, what is -495f52b + 0?
-495f52b
In base 16, what is 7a7 - 17e7f?
-176d8
In base 6, what is 150531 - -12050?
203021
In base 10, what is -6554041 + -3?
-6554044
In base 16, what is -5dbe - 23b?
-5ff9
In base 9, what is 78 - 17318453?
-17318364
In base 8, what is -35312 - 21246?
-56560
In base 13, what is -65762a0 + 1?
-657629c
In base 4, what is -10033311102 - 23233?
-10100001001
In base 6, what is 10013001551 + 1?
10013001552
In base 13, what is 131391 - 14a?
131244
In base 3, what is 0 - 12120212101120?
-12120212101120
In base 5, what is -442 - 10100324214?
-10100330211
In base 14, what is 9506 - 2b?
94b9
In base 2, what is 11101011000011011 + -10100000?
11101010101111011
In base 7, what is 1102 - 236501?
-235366
In base 12, what is -19 + 4551b5?
455198
In base 7, what is -266464 + -3?
-266500
In base 2, what is 1101000001110 + -101110011101100?
-100001011011110
In base 16, what is 1c + a75d29?
a75d45
In base 15, what is 91699 + -839?
90d60
In base 7, what is 210042424 - 5?
210042416
In base 5, what is 334 - 2304332?
-2303443
In base 10, what is -1095089 + -4?
-1095093
In base 13, what i